{"id":37214,"date":"2025-07-11T14:40:44","date_gmt":"2025-07-11T11:40:44","guid":{"rendered":"https:\/\/akrekalonline.com\/?page_id=37214"},"modified":"2025-07-11T16:01:51","modified_gmt":"2025-07-11T13:01:51","slug":"sikca-sorulan-sorular","status":"publish","type":"page","link":"https:\/\/akrekalonline.com\/index.php\/sikca-sorulan-sorular\/","title":{"rendered":"SIK\u00c7A SORULAN SORULAR"},"content":{"rendered":"\n<h3 class=\"wp-block-heading\">1. Kalibrasyon nedir ve neden gereklidir?<\/h3>\n\n\n\n<p><strong>Cevap:<\/strong><br>Kalibrasyon, \u00f6l\u00e7\u00fcm cihazlar\u0131n\u0131n do\u011fru sonu\u00e7 verip vermedi\u011fini kontrol etmek ve gerekirse ayarlamak i\u00e7in yap\u0131lan i\u015flemdir. \u00d6zellikle hassas \u00f6l\u00e7\u00fcm gerektiren sekt\u00f6rlerde, cihazlar\u0131n d\u00fczenli olarak kalibre edilmesi \u00fcr\u00fcn kalitesini ve g\u00fcvenli\u011fini garanti alt\u0131na al\u0131r.<\/p>\n\n\n\n<h3 class=\"wp-block-heading\">2.Hangi hizmetleri sunuyorsunuz?<\/h3>\n\n\n\n<p><strong> Cevap:<\/strong><br>Akrekalonline olarak; tart\u0131 sistemleri, a\u011f\u0131rl\u0131k k\u00fctleleri, s\u0131cakl\u0131k, bas\u0131n\u00e7, elektriksel b\u00fcy\u00fckl\u00fckler ve daha bir\u00e7ok alanda kalibrasyon \u00f6l\u00e7\u00fcm ekipmanlar\u0131 sat\u0131\u015f hizmeti sunmaktay\u0131z. \u0130htiyac\u0131n\u0131za \u00f6zel \u00e7\u00f6z\u00fcmler ve yerinde kalibrasyon imkanlar\u0131m\u0131zla destek veriyoruz. <\/p>\n\n\n\n<h3 class=\"wp-block-heading\">3.Kalibrasyon belgesi ne i\u015fe yarar?<\/h3>\n\n\n\n<p><strong>Cevap:<\/strong><br>Kalibrasyon belgesi, cihaz\u0131n\u0131z\u0131n ulusal veya uluslararas\u0131 standartlara uygun \u015fekilde test edildi\u011fini ve do\u011fruland\u0131\u011f\u0131n\u0131 g\u00f6steren resmi bir dok\u00fcmand\u0131r. Belge, hem yasal uygunluk sa\u011flar hem de kalite y\u00f6netim sistemlerinde zorunludur (\u00f6rne\u011fin ISO 9001, ISO 17025 vb.).<\/p>\n","protected":false},"excerpt":{"rendered":"<p>1. Kalibrasyon nedir ve neden gereklidir? Cevap:Kalibrasyon, \u00f6l\u00e7\u00fcm cihazlar\u0131n\u0131n do\u011fru sonu\u00e7 verip vermedi\u011fini kontrol etmek ve gerekirse ayarlamak i\u00e7in yap\u0131lan<\/p>\n","protected":false},"author":1,"featured_media":0,"parent":0,"menu_order":0,"comment_status":"closed","ping_status":"closed","template":"","meta":{"footnotes":""},"class_list":["post-37214","page","type-page","status-publish","hentry"],"jetpack_sharing_enabled":true,"_links":{"self":[{"href":"https:\/\/akrekalonline.com\/index.php\/wp-json\/wp\/v2\/pages\/37214","targetHints":{"allow":["GET"]}}],"collection":[{"href":"https:\/\/akrekalonline.com\/index.php\/wp-json\/wp\/v2\/pages"}],"about":[{"href":"https:\/\/akrekalonline.com\/index.php\/wp-json\/wp\/v2\/types\/page"}],"author":[{"embeddable":true,"href":"https:\/\/akrekalonline.com\/index.php\/wp-json\/wp\/v2\/users\/1"}],"replies":[{"embeddable":true,"href":"https:\/\/akrekalonline.com\/index.php\/wp-json\/wp\/v2\/comments?post=37214"}],"version-history":[{"count":1,"href":"https:\/\/akrekalonline.com\/index.php\/wp-json\/wp\/v2\/pages\/37214\/revisions"}],"predecessor-version":[{"id":37216,"href":"https:\/\/akrekalonline.com\/index.php\/wp-json\/wp\/v2\/pages\/37214\/revisions\/37216"}],"wp:attachment":[{"href":"https:\/\/akrekalonline.com\/index.php\/wp-json\/wp\/v2\/media?parent=37214"}],"curies":[{"name":"wp","href":"https:\/\/api.w.org\/{rel}","templated":true}]}}