{"id":37271,"date":"2025-07-11T16:48:52","date_gmt":"2025-07-11T13:48:52","guid":{"rendered":"https:\/\/akrekalonline.com\/?page_id=37271"},"modified":"2025-07-12T00:04:56","modified_gmt":"2025-07-11T21:04:56","slug":"oiml-r-111-1-agirliklar-metrolojik-ve-teknik-gereklilikler-2004","status":"publish","type":"page","link":"https:\/\/akrekalonline.com\/index.php\/oiml-r-111-1-agirliklar-metrolojik-ve-teknik-gereklilikler-2004\/","title":{"rendered":"OIML R 111-1 \u2013 A\u011f\u0131rl\u0131klar: Metrolojik ve Teknik Gereklilikler (2004)"},"content":{"rendered":"\n<p>Bu uluslararas\u0131 tavsiye dok\u00fcman\u0131, <strong>OIML R 111-1<\/strong>, E\u2081, E\u2082, F\u2081, F\u2082, M\u2081, M\u2081-\u2082, M\u2082, M\u2082-\u2083 ve M\u2083 s\u0131n\u0131flar\u0131ndaki <strong>kalibrasyon ve referans k\u00fctlelerin (a\u011f\u0131rl\u0131klar\u0131n)<\/strong> teknik ve metrolojik gerekliliklerini belirler. Tart\u0131m ekipmanlar\u0131n\u0131n do\u011frulu\u011funu sa\u011flamak i\u00e7in kullan\u0131lan bu a\u011f\u0131rl\u0131klar\u0131n \u00fcretiminden kalibrasyonuna kadar t\u00fcm \u00f6zellikleri kapsaml\u0131 olarak tan\u0131mlanm\u0131\u015ft\u0131r.<\/p>\n\n\n\n<p><strong>K\u0131lavuzun kapsam\u0131 \u015funlard\u0131r:<\/strong><\/p>\n\n\n\n<ul class=\"wp-block-list\">\n<li>Tan\u0131mlar, semboller ve nominal de\u011ferler<\/li>\n\n\n\n<li>A\u011f\u0131rl\u0131klar\u0131n maksimum izin verilebilir hatalar\u0131<\/li>\n\n\n\n<li>\u015eekil, yap\u0131, malzeme, manyetizma ve yo\u011funluk kriterleri<\/li>\n\n\n\n<li>Y\u00fczey kalitesi ve ayarlanabilirlik gereksinimleri<\/li>\n\n\n\n<li>Metrolojik kontroller, i\u015faretleme ve sunum ko\u015fullar\u0131<\/li>\n\n\n\n<li>Kalibrasyon prosed\u00fcrleri ve belirsizlik hesaplamalar\u0131<\/li>\n\n\n\n<li>\u0130statistiksel kontrol y\u00f6ntemleri<\/li>\n\n\n\n<li>Ek bilgiler: test prosed\u00fcrleri, CIPM hava yo\u011funlu\u011fu form\u00fcl\u00fc ve daha fazlas\u0131<\/li>\n<\/ul>\n\n\n\n<p>Bu dok\u00fcman, a\u011f\u0131rl\u0131k setleri \u00fcreten \u00fcreticiler, kalibrasyon laboratuvarlar\u0131, metroloji uzmanlar\u0131 ve kalite y\u00f6netim birimleri i\u00e7in <strong>uluslararas\u0131 standart niteli\u011findedir<\/strong>.<\/p>\n\n\n\n<p>\ud83d\udcc4 PDF dok\u00fcman\u0131n\u0131 a\u015fa\u011f\u0131dan indirebilirsiniz.<\/p>\n\n\n\n<div data-wp-interactive=\"core\/file\" class=\"wp-block-file\"><object data-wp-bind--hidden=\"!state.hasPdfPreview\" hidden class=\"wp-block-file__embed\" data=\"https:\/\/akrekalonline.com\/wp-content\/uploads\/2025\/07\/OIML-r111-1-e04.pdf\" type=\"application\/pdf\" style=\"width:100%;height:600px\" aria-label=\"OIML r111-1-e04 g\u00f6m\u00fcs\u00fc.\"><\/object><a id=\"wp-block-file--media-67ebc4f4-4ce3-4cc1-8ee7-694043e44526\" href=\"https:\/\/akrekalonline.com\/wp-content\/uploads\/2025\/07\/OIML-r111-1-e04.pdf\">OIML r111-1-e04<\/a><a href=\"https:\/\/akrekalonline.com\/wp-content\/uploads\/2025\/07\/OIML-r111-1-e04.pdf\" class=\"wp-block-file__button wp-element-button\" download aria-describedby=\"wp-block-file--media-67ebc4f4-4ce3-4cc1-8ee7-694043e44526\">\u0130ndir<\/a><\/div>\n","protected":false},"excerpt":{"rendered":"<p>Bu uluslararas\u0131 tavsiye dok\u00fcman\u0131, OIML R 111-1, E\u2081, E\u2082, F\u2081, F\u2082, M\u2081, M\u2081-\u2082, M\u2082, M\u2082-\u2083 ve M\u2083 s\u0131n\u0131flar\u0131ndaki kalibrasyon ve<\/p>\n","protected":false},"author":1,"featured_media":0,"parent":0,"menu_order":0,"comment_status":"closed","ping_status":"closed","template":"","meta":{"footnotes":""},"class_list":["post-37271","page","type-page","status-publish","hentry"],"jetpack_sharing_enabled":true,"_links":{"self":[{"href":"https:\/\/akrekalonline.com\/index.php\/wp-json\/wp\/v2\/pages\/37271","targetHints":{"allow":["GET"]}}],"collection":[{"href":"https:\/\/akrekalonline.com\/index.php\/wp-json\/wp\/v2\/pages"}],"about":[{"href":"https:\/\/akrekalonline.com\/index.php\/wp-json\/wp\/v2\/types\/page"}],"author":[{"embeddable":true,"href":"https:\/\/akrekalonline.com\/index.php\/wp-json\/wp\/v2\/users\/1"}],"replies":[{"embeddable":true,"href":"https:\/\/akrekalonline.com\/index.php\/wp-json\/wp\/v2\/comments?post=37271"}],"version-history":[{"count":1,"href":"https:\/\/akrekalonline.com\/index.php\/wp-json\/wp\/v2\/pages\/37271\/revisions"}],"predecessor-version":[{"id":37274,"href":"https:\/\/akrekalonline.com\/index.php\/wp-json\/wp\/v2\/pages\/37271\/revisions\/37274"}],"wp:attachment":[{"href":"https:\/\/akrekalonline.com\/index.php\/wp-json\/wp\/v2\/media?parent=37271"}],"curies":[{"name":"wp","href":"https:\/\/api.w.org\/{rel}","templated":true}]}}