{"id":37084,"date":"2025-07-07T17:40:14","date_gmt":"2025-07-07T14:40:14","guid":{"rendered":"https:\/\/akrekalonline.com\/?post_type=product&#038;p=37084"},"modified":"2025-07-12T00:19:29","modified_gmt":"2025-07-11T21:19:29","slug":"dmc-1400-dokumantasyon-cok-fonksiyon-kalibratoru","status":"publish","type":"product","link":"https:\/\/akrekalonline.com\/index.php\/urun\/dmc-1400-dokumantasyon-cok-fonksiyon-kalibratoru\/","title":{"rendered":"DMC-1400 D\u00f6k\u00fcmantasyon \u00c7ok Fonksiyon Kalibrat\u00f6r\u00fc"},"content":{"rendered":"<h1>DMC-1400 D\u00f6k\u00fcmantasyon \u00c7ok Fonksiyon Kalibrat\u00f6r\u00fc<\/h1>\n<ul>\n<li>50 farkl\u0131 cihaz\u0131n kalibrasyon verilerini depolayabilir.<br \/>\nPC ihtiyac\u0131 olmadan kalibrasyon sertifikas\u0131 bas\u0131labilir.<br \/>\n\u0130leti\u015fim portu BetaPort-P bas\u0131n\u00e7 mod\u00fclleri ile uyumludur.<br \/>\nT\u00fcm modeller belli set noktalar\u0131 ile programlanabilir.<br \/>\nAk\u0131ll\u0131 transmittter ve PLC&#8217;ler ile HART uyumlulu\u011fu i\u00e7in 250 Ohm resist\u00f6r i\u00e7erir.<br \/>\nBelirli RTD katsay\u0131lar\u0131 (R0,A,B,C) i\u00e7in direk giri\u015f<br \/>\nCE gereklilikleriyle \u00f6rt\u00fc\u015f\u00fcr ve IEC 1010 g\u00fcvenlik standartlar\u0131na g\u00f6re dizayn edilmi\u015ftir.<br \/>\nKau\u00e7uk muhafaza i\u00e7inde temin edilir; opsiyonel olarak ta\u015f\u0131ma \u00e7antas\u0131 bulunur. Test iletkenleri ve kalibrasyon verileri ile NIST sertifikas\u0131 i\u00e7erir.<\/li>\n<\/ul>\n<p>&nbsp;<\/p>\n<p>&nbsp;<\/p>\n<p>&nbsp;<\/p>\n","protected":false},"excerpt":{"rendered":"<p>S\u0131cakl\u0131k, ak\u0131m, voltaj, frekans ve proses sinyallerinin sim\u00fclasyonu ve \u00f6l\u00e7\u00fcm\u00fc i\u00e7in geli\u015fmi\u015f bir kalibrat\u00f6r. 50 cihaza kadar kalibrasyon verisi depolayabilir, PC olmadan sertifika basabilir, HART uyumlu \u00e7al\u0131\u015f\u0131r ve CE ile IEC 1010 standartlar\u0131na uygun olarak tasarlanm\u0131\u015ft\u0131r.<\/p>\n","protected":false},"featured_media":37010,"comment_status":"open","ping_status":"closed","template":"","meta":[],"product_brand":[125],"product_cat":[81],"product_tag":[],"class_list":{"0":"post-37084","1":"product","2":"type-product","3":"status-publish","4":"has-post-thumbnail","6":"product_brand-martel","7":"product_cat-sicaklik","9":"first","10":"instock","11":"shipping-taxable","12":"product-type-simple"},"jetpack_sharing_enabled":true,"_links":{"self":[{"href":"https:\/\/akrekalonline.com\/index.php\/wp-json\/wp\/v2\/product\/37084","targetHints":{"allow":["GET"]}}],"collection":[{"href":"https:\/\/akrekalonline.com\/index.php\/wp-json\/wp\/v2\/product"}],"about":[{"href":"https:\/\/akrekalonline.com\/index.php\/wp-json\/wp\/v2\/types\/product"}],"replies":[{"embeddable":true,"href":"https:\/\/akrekalonline.com\/index.php\/wp-json\/wp\/v2\/comments?post=37084"}],"version-history":[{"count":6,"href":"https:\/\/akrekalonline.com\/index.php\/wp-json\/wp\/v2\/product\/37084\/revisions"}],"predecessor-version":[{"id":37341,"href":"https:\/\/akrekalonline.com\/index.php\/wp-json\/wp\/v2\/product\/37084\/revisions\/37341"}],"wp:featuredmedia":[{"embeddable":true,"href":"https:\/\/akrekalonline.com\/index.php\/wp-json\/wp\/v2\/media\/37010"}],"wp:attachment":[{"href":"https:\/\/akrekalonline.com\/index.php\/wp-json\/wp\/v2\/media?parent=37084"}],"wp:term":[{"taxonomy":"product_brand","embeddable":true,"href":"https:\/\/akrekalonline.com\/index.php\/wp-json\/wp\/v2\/product_brand?post=37084"},{"taxonomy":"product_cat","embeddable":true,"href":"https:\/\/akrekalonline.com\/index.php\/wp-json\/wp\/v2\/product_cat?post=37084"},{"taxonomy":"product_tag","embeddable":true,"href":"https:\/\/akrekalonline.com\/index.php\/wp-json\/wp\/v2\/product_tag?post=37084"}],"curies":[{"name":"wp","href":"https:\/\/api.w.org\/{rel}","templated":true}]}}