{"id":37385,"date":"2025-07-22T00:13:55","date_gmt":"2025-07-21T21:13:55","guid":{"rendered":"https:\/\/akrekalonline.com\/?post_type=product&#038;p=37385"},"modified":"2025-07-22T00:19:13","modified_gmt":"2025-07-21T21:19:13","slug":"f1-kalibrasyon-agirlik-seti-13-adet-1g-1kg","status":"publish","type":"product","link":"https:\/\/akrekalonline.com\/index.php\/urun\/f1-kalibrasyon-agirlik-seti-13-adet-1g-1kg\/","title":{"rendered":"F1 Kalibrasyon A\u011f\u0131rl\u0131k Seti -13 Adet 1g-1KG"},"content":{"rendered":"<h1>F1 Kalibrasyon A\u011f\u0131rl\u0131k Seti -13 Adet 1g-1KG<\/h1>\n<ul>\n<li>\n<p data-start=\"303\" data-end=\"518\">Y\u00fcksek hassasiyet gerektiren terazilerin ve \u00f6l\u00e7\u00fcm cihazlar\u0131n\u0131n do\u011frulukla kalibrasyonu i\u00e7in tasarlanm\u0131\u015f bu <strong data-start=\"410\" data-end=\"448\">F1 s\u0131n\u0131f\u0131 kalibrasyon a\u011f\u0131rl\u0131k seti<\/strong>, \u00f6l\u00e7\u00fcmde g\u00fcvenilirli\u011fi esas alan her ortamda profesyonel \u00e7\u00f6z\u00fcm sunar.<\/p>\n<h3 data-start=\"520\" data-end=\"545\">Nerelerde Kullan\u0131l\u0131r?<\/h3>\n<p data-start=\"546\" data-end=\"599\">Bu set, a\u015fa\u011f\u0131daki alanlarda yayg\u0131n olarak kullan\u0131l\u0131r:<\/p>\n<ul data-start=\"601\" data-end=\"848\">\n<li data-start=\"601\" data-end=\"646\">\n<p data-start=\"603\" data-end=\"646\"><strong data-start=\"603\" data-end=\"621\">Laboratuvarlar<\/strong> (kimya, biyoloji, fizik)<\/p>\n<\/li>\n<li data-start=\"647\" data-end=\"684\">\n<p data-start=\"649\" data-end=\"684\"><strong data-start=\"649\" data-end=\"684\">Hassas terazili \u00fcretim alanlar\u0131<\/strong><\/p>\n<\/li>\n<li data-start=\"685\" data-end=\"727\">\n<p data-start=\"687\" data-end=\"727\"><strong data-start=\"687\" data-end=\"727\">Medikal cihaz kalibrasyon merkezleri<\/strong><\/p>\n<\/li>\n<li data-start=\"728\" data-end=\"781\">\n<p data-start=\"730\" data-end=\"781\"><strong data-start=\"730\" data-end=\"781\">Eczaneler ve \u00f6l\u00e7\u00fcm cihaz\u0131 kalibrasyon firmalar\u0131<\/strong><\/p>\n<\/li>\n<li data-start=\"782\" data-end=\"823\">\n<p data-start=\"784\" data-end=\"823\"><strong data-start=\"784\" data-end=\"823\">Akademik ve teknik e\u011fitim kurumlar\u0131<\/strong><\/p>\n<\/li>\n<li data-start=\"824\" data-end=\"848\">\n<p data-start=\"826\" data-end=\"848\"><strong data-start=\"826\" data-end=\"848\">Kuyumculuk sekt\u00f6r\u00fc<\/strong><\/p>\n<\/li>\n<\/ul>\n<h3 data-start=\"850\" data-end=\"882\">F1 S\u0131n\u0131f\u0131 Ne Anlama Geliyor?<\/h3>\n<p data-start=\"883\" data-end=\"1064\">F1 s\u0131n\u0131f\u0131, OIML (Uluslararas\u0131 Yasal Metroloji Organizasyonu) taraf\u0131ndan tan\u0131mlanan a\u011f\u0131rl\u0131k s\u0131n\u0131flar\u0131ndan biridir ve <strong data-start=\"999\" data-end=\"1018\">y\u00fcksek do\u011fruluk<\/strong> derecesini temsil eder. F1 s\u0131n\u0131f\u0131 a\u011f\u0131rl\u0131klar:<\/p>\n<ul data-start=\"1066\" data-end=\"1279\">\n<li data-start=\"1066\" data-end=\"1119\">\n<p data-start=\"1068\" data-end=\"1119\">Elektronik terazilerin kalibrasyonu i\u00e7in idealdir<\/p>\n<\/li>\n<li data-start=\"1160\" data-end=\"1233\">\n<p data-start=\"1162\" data-end=\"1233\">Kalibrasyon laboratuvarlar\u0131nda referans a\u011f\u0131rl\u0131k olarak kullan\u0131labilir<\/p>\n<\/li>\n<li data-start=\"1234\" data-end=\"1279\">\n<p data-start=\"1236\" data-end=\"1279\">ISO\/IEC 17025 standard\u0131na uygunluk sa\u011flar<\/p>\n<\/li>\n<\/ul>\n<p data-start=\"1281\" data-end=\"1404\">F1 s\u0131n\u0131f\u0131, <strong data-start=\"1292\" data-end=\"1384\">kullan\u0131c\u0131ya uluslararas\u0131 \u00f6l\u00e7\u00fcm standartlar\u0131na ba\u011fl\u0131 olarak g\u00fcvenli ve hassas kalibrasyon<\/strong> yapma imk\u00e2n\u0131 sunar.<\/p>\n<\/li>\n<\/ul>\n<p>&nbsp;<\/p>\n","protected":false},"excerpt":{"rendered":"<p>Paslanmaz \u00e7elikten \u00fcretilen kalibrasyon k\u00fctleleri laboratuvar ve okullarda do\u011fru, hassas \u00f6l\u00e7\u00fcmlerin yap\u0131lmas\u0131n\u0131 sa\u011flamak i\u00e7in dijital terazilerin kalibre edilmesinde kullan\u0131l\u0131r.<\/p>\n","protected":false},"featured_media":37387,"comment_status":"open","ping_status":"closed","template":"","meta":[],"product_brand":[130],"product_cat":[129],"product_tag":[],"class_list":{"0":"post-37385","1":"product","2":"type-product","3":"status-publish","4":"has-post-thumbnail","6":"product_brand-borox","7":"product_cat-agirlik-terazi","9":"first","10":"instock","11":"sold-individually","12":"shipping-taxable","13":"product-type-simple"},"jetpack_sharing_enabled":true,"_links":{"self":[{"href":"https:\/\/akrekalonline.com\/index.php\/wp-json\/wp\/v2\/product\/37385","targetHints":{"allow":["GET"]}}],"collection":[{"href":"https:\/\/akrekalonline.com\/index.php\/wp-json\/wp\/v2\/product"}],"about":[{"href":"https:\/\/akrekalonline.com\/index.php\/wp-json\/wp\/v2\/types\/product"}],"replies":[{"embeddable":true,"href":"https:\/\/akrekalonline.com\/index.php\/wp-json\/wp\/v2\/comments?post=37385"}],"version-history":[{"count":2,"href":"https:\/\/akrekalonline.com\/index.php\/wp-json\/wp\/v2\/product\/37385\/revisions"}],"predecessor-version":[{"id":37389,"href":"https:\/\/akrekalonline.com\/index.php\/wp-json\/wp\/v2\/product\/37385\/revisions\/37389"}],"wp:featuredmedia":[{"embeddable":true,"href":"https:\/\/akrekalonline.com\/index.php\/wp-json\/wp\/v2\/media\/37387"}],"wp:attachment":[{"href":"https:\/\/akrekalonline.com\/index.php\/wp-json\/wp\/v2\/media?parent=37385"}],"wp:term":[{"taxonomy":"product_brand","embeddable":true,"href":"https:\/\/akrekalonline.com\/index.php\/wp-json\/wp\/v2\/product_brand?post=37385"},{"taxonomy":"product_cat","embeddable":true,"href":"https:\/\/akrekalonline.com\/index.php\/wp-json\/wp\/v2\/product_cat?post=37385"},{"taxonomy":"product_tag","embeddable":true,"href":"https:\/\/akrekalonline.com\/index.php\/wp-json\/wp\/v2\/product_tag?post=37385"}],"curies":[{"name":"wp","href":"https:\/\/api.w.org\/{rel}","templated":true}]}}